- 703 = 241. Let r = 1125 + h. Is r prime?
True
Is (-4)/(-9) + (-101575781)/(-873) a composite number?
True
Let b(n) = -n**3 - 9*n**2 - 4*n + 22. Let r be b(-8). Let k(w) = -1554*w + 113. Is k(r) composite?
True
Let g be (-15)/30 + (-167062)/(-4). Suppose -i + 8353 = 4*k, 5*i + 2*k - g = -k. Is i a composite number?
False
Let n = 381 - 396. Is (-6)/n - 185472/(-20) a prime number?
False
Let q be (-6)/(-16) - 129239/(-88). Suppose 3*b = 3979 + q. Suppose 2*z + 7*g = 10*g + b, -5*g = -4*z + 3634. Is z a composite number?
False
Suppose -9*h + 33 = -1974. Suppose -3*y - 181 = -h. Suppose 9*j = -2*o + y*j + 1609, 3203 = 4*o - 5*j. Is o a composite number?
False
Suppose -61006759 = 117*g + 48*g - 205645924. Is g composite?
True
Let d(t) = 538*t**3 + 15*t**2 + 53*t - 389. Is d(12) prime?
False
Let w = 514752 + -303165. Is w a composite number?
True
Let z be -3 - -10293 - (1 - -1). Let d = z - 4799. Is d composite?
True
Let f(q) = 1241*q**2 - 33*q + 119. Is f(-20) a composite number?
True
Let b(r) be the third derivative of 25*r**4/12 + 7*r**3/6 + 314*r**2 + 3*r. Suppose 0 = 4*c + 2*f - 54, -5*f = -7 - 18. Is b(c) a prime number?
True
Suppose 218 = d + 4*y, 0 = -2*d + 3*y + 60 + 365. Suppose -d = -4*t + 294. Is t a composite number?
False
Let p = 992782 - 676355. Is p a composite number?
True
Let n = 288749 + -104176. Is n composite?
True
Let q(i) = 68*i**3 - i**2 + 2*i. Let w(o) = 7*o**2 + 2*o - 2. Let t be w(1). Suppose -4*a + t + 18 = 5*u, 0 = 2*u + 2*a - 12. Is q(u) prime?
False
Let v(x) = -182*x - 905. Is v(-66) prime?
False
Suppose 0*x + 5*q = 3*x - 22, -2*x = q - 6. Suppose -4*c - x*t - 18 = -2*t, 12 = 4*c - 4*t. Is (-1166)/(c*(-3)/(-3)) prime?
False
Let c = 747 - -1622. Suppose 11*g = 10*g + c. Is g a prime number?
False
Suppose -48*k + 10*k + 99652 = -10*k. Is k a prime number?
True
Let z(t) = t - 16. Let k be z(12). Let p be (43/9 - 0) + k/(-18). Suppose -357 - 1153 = -p*n + 5*o, 2*n + 4*o - 586 = 0. Is n a prime number?
False
Let b = 147331 + -45686. Suppose -b = 11*u - 16*u. Is u a prime number?
False
Let s = -3700 + 8610. Let h = s - 2091. Is h composite?
False
Let g(q) be the first derivative of 795*q**2 - 151*q - 23. Is g(5) a composite number?
True
Suppose -5*d - 28 - 12 = 0. Let i(q) = 3*q**2 + q - 27. Is i(d) a composite number?
False
Suppose 0 = 4*v + 10 - 18. Suppose -k = 2*f - 531, -5*k - 4*f = -v*f - 2615. Is k prime?
True
Suppose -2*j + 2*p - 16 = 0, -2*j - 3*p = j + 48. Let v be 0/(1 - 0 - j/(-6)). Suppose 4*f - 8*l + 5*l - 1597 = v, -3*f = -l - 1194. Is f composite?
False
Let b(j) = j**3 - 19*j**2 + 90*j + 37. Is b(34) a composite number?
True
Is 18027926/124*(-110)/(-35) prime?
False
Suppose 0 = -5*a + 20, -5*k + 4*a - 126323 + 397242 = 0. Is k a prime number?
False
Let o be 2*2*(1 + (-2)/8). Suppose m = 5*w - 18474, -o*w - 4*m + 7238 + 3828 = 0. Is w prime?
False
Suppose -5*j + 35 = 5*b, -3*j + 8*j = -3*b + 31. Suppose 4*v + 0*v = 5*o - 32627, 0 = 2*o + v - 13056. Suppose 3277 = s - 2*x - 0*x, b*s = -5*x + o. Is s prime?
True
Let a be 2676/(-3 + 135/50). Let r = -5317 - a. Is r composite?
True
Is 3628/9977 + 24603157/11 a composite number?
False
Let l(n) = 43*n**2 - 16*n + 2. Let j(z) = 4*z + 69. Let x be j(-20). Is l(x) a prime number?
True
Let b be 2/(-1*18/27). Is (6/2)/b*-4219 a prime number?
True
Let d = -114748 + 160691. Is d a composite number?
False
Let l = 4856 + 13089. Let g = l + -10218. Is g a composite number?
False
Suppose 60*d - 4112460 = 5158920. Is d prime?
True
Is 128774 + 5/(-80)*12*-12 a composite number?
True
Suppose -3920 = -6*s - 25274. Let l = s + 6278. Is l a composite number?
False
Suppose 3*u = -22*z + 24*z - 1496, 0 = -3*z + 12. Let s = -94 - -379. Let i = s - u. Is i composite?
True
Suppose j = -4*j. Suppose j*y + 4*y + 19 = -3*b, -5*y - 2*b - 15 = 0. Is y*(-159 - -2)*1 prime?
True
Let z(i) = -i**3 - 5*i**2 + i + 10. Let q be z(-5). Suppose -4*o = -p + 845, 468 = -q*o + 3*p - 583. Let c = o + 355. Is c composite?
True
Suppose 65966 = -2*l - t, 0 = 5*l + 3*t - 4*t + 164922. Let r = -20689 - l. Is r a composite number?
True
Let v = -3132 + 5726. Let x = -728 + 4793. Let y = x - v. Is y a prime number?
True
Let o = 99063 + -55182. Is o composite?
True
Suppose -4*p - 3*f = -70492, -7*p + 6*p + 17623 = -5*f. Is p a composite number?
False
Let x be (1923/9 - (-8)/6) + 5. Suppose -x*h + 212*h + 18632 = 0. Is h prime?
False
Let s(j) = 43680*j + 2675. Is s(8) prime?
False
Suppose 637 + 1814 = 3*d. Let z = d + -88. Let v = -334 + z. Is v a prime number?
False
Suppose f = 5*w, 3*f - 3*w - 2 + 14 = 0. Let c = f - -16. Suppose 18*j - 1771 = c*j. Is j a composite number?
True
Suppose 144*z - 18*z = -133*z + 217847749. Is z prime?
False
Suppose 0 = -8*s - 3*s + 169126 + 31140. Is s a prime number?
False
Suppose 0 = -3*p + 2*d + 2*d + 18, 5*d = 4*p - 23. Suppose g - m = 23, g - p*g + 26 = -2*m. Suppose 3*y = g*y - 646. Is y composite?
True
Suppose 2273*t = 2262*t + 285241. Is t a prime number?
True
Is -5*-3*(-12242)/(-30) composite?
False
Suppose -82*x - 839299 + 847176 = -3268269. Is x a prime number?
True
Let k be (-4 + 13 - 349)/((-1)/(-1)). Let i = k - -527. Is i composite?
True
Suppose 7*z - 46*z - 44*z = -5832991. Is z a composite number?
True
Let m(c) = -15*c**3 - 9*c**2 - 7*c + 1. Let y be m(5). Let h = 3017 + y. Is h a composite number?
False
Suppose -z - 4*t + 48139 = 0, 54*t = 57*t + 18. Is z prime?
True
Let n(b) = b**3 + 9*b**2 + 23*b + 50. Let f be n(-6). Suppose 5*j - 32059 = -6*t + 2*t, 0 = -5*t - f. Is j composite?
True
Let u be (-1953)/(-273) + (-2)/13. Suppose u*t = -1596 + 7693. Is t a composite number?
True
Let o be 5886/(-72) - (-2)/(-8). Let d = -82 - o. Is (d - (-4 - -2)) + 4907 a composite number?
False
Let c = 107 - 111. Is 1 + 0/c + 518 a composite number?
True
Suppose 0 = -4*x - o + 20, 6*x - 4*x = 5*o - 12. Let r(q) = -103*q + 1. Let f(w) = -310*w + 2. Let h(k) = x*f(k) - 11*r(k). Is h(-7) prime?
False
Let t(o) = 241232*o**2 + 8*o + 9. Is t(1) prime?
True
Suppose 16*v - 111664 = -512. Is v composite?
False
Let m(i) = 418*i**2 - 158*i - 1347. Is m(-8) prime?
True
Suppose o + 3*i - 19457 = -0*i, -4*i = 2*o - 38910. Is o prime?
False
Suppose -8*z + 9*z - 3*q = 515837, 4*z + q = 2063270. Is z a prime number?
False
Suppose -4*z - z = 280. Let s = z + 58. Suppose s*p - 70 = i + 1050, -5*i = -20. Is p prime?
False
Let d = 182 - -14. Suppose 0 = -d*v + 194*v + 10490. Is v a prime number?
False
Suppose l + 9*l = 60. Suppose -29 = l*s - 77. Is 2/(-9) + (414376/9)/s a prime number?
False
Let j be (97/(-4) + 5 + -4)*4. Let f = j + 100. Suppose -1136 = -f*s + 2917. Is s composite?
True
Suppose 20*r - 10719 = 18821. Is r prime?
False
Suppose -3*z + 392886 = 8*q - 6*q, -2*z = q - 196445. Is q composite?
True
Let n be (2 + 9/((-45)/10))*-1. Is (-457)/((-2)/(-18)*(n - 3)) prime?
False
Suppose 19*d = -86 - 85. Is (d + 3 + 7)*3407 a prime number?
True
Let t(y) = 5*y**3 + 7*y**2 - 8*y - 16. Let u = -89 - -88. Let s(a) = -a**3 - a + 1. Let h(w) = u*t(w) - 3*s(w). Is h(-6) a prime number?
True
Suppose -2*u + 2*q = q - 4, 4*u - 4 = 4*q. Suppose 140 = u*n + n. Suppose -37*x + 5926 = -n*x. Is x composite?
False
Suppose 78510*v - 78540*v + 354109 + 3384881 = 0. Is v a prime number?
True
Let p(m) = -5*m + 9*m + 110 + 18*m + 3*m. Is p(17) prime?
False
Let t(u) = u**3 - 10*u**2 - 10*u - 16. Suppose 2*b + 33 = 5*b. Let k be t(b). Is (-5355)/k + 12/(-3) prime?
False
Suppose -t + 5*x = 4*t - 12230, -9808 = -4*t - 2*x. Suppose 0 = 137*f - 238*f + 505. Suppose 2*o - 4*z = t, o + 0*z - 1237 = f*z. Is o composite?
False
Let c be 60/(-27) + (-10)/(-45). Let f be (3 - c)*9437/5. Suppose 4*l - 4*j = 9416, -4*l + 6*j + f = 9*j. Is l composite?
False
Let u(k) = -k**2 - 6*k - 6. Let o be u(-3). Suppose s + 4 - o = 0. Is (-9025)/(-114) + ((-1)/(-6))/s composite?
False
Suppose -4*p + 324 = -3*f, -p + 72 = -0*p - 3*f. Is ((-2004)/16 + -2)/((-3)/p) a prime number?
False
Suppose -4*r = -p - 21, -p = -5*r + p + 27. Suppose -d + 407 = -3*s, -r*s + 333 - 2388 = -5*d. Suppose 5*k = 3*h + 3315 + d, k - h - 746 = 0. Is k prime?
False
Let y(r) = 850*r**3 + 5 - 1077*r**3 + 2*r + 5*r + 7*r**2. Is y(-2) a prime number?
False
Let r be 5/2*(0 + 2). Suppose -r*o - 3 = -28. Suppose -o*k = -924 - 391. Is k prime?
True
Let h = -48 - -53. Let